 + 0 - u**f + 5/12*u**4 + 1/20*u**5 + 5/6*u**3. What is c(-4)?
-6
Let k(m) = -m**2 + 9*m + 4. Let n(a) = -a + 1. Let b(c) = k(c) + 3*n(c). Let d be b(7). Let v(z) be the first derivative of z**3/3 - 14*z + 7. What is v(d)?
-14
Suppose 4*t - 114 - 142 = 0. Let b = t + -64. Let h(a) = a**2 + a + 5. Give h(b).
5
Suppose -2*d - 19 = -3. Let z(v) = -v**2 - 11*v - 9. What is z(d)?
15
Let l(d) = 2*d + 2. Suppose -c - 11 + 45 = 0. Suppose c*s = 37*s - 12. Determine l(s).
10
Suppose -4*o + 2 = 2*l + 14, -l = 5*o + 18. Suppose 28 - 34 = -l*b. Let h(a) = 0*a**2 - 3*a**3 + 5*a**b - 8*a**3 + a + a**2. Give h(-1).
6
Let c(r) = 13*r - 14*r + 8 - 6 - 11. Determine c(0).
-9
Let s(w) = -5*w**2 + w + 8. Let d(u) = 6*u**2 - u - 9. Let b(a) = 4*d(a) + 5*s(a). Give b(-4).
-16
Let d(k) be the first derivative of k**5/60 - k**4/8 - 17*k**3/3 + 3. Let c(f) be the third derivative of d(f). What is c(4)?
5
Let h = -42 + 58. Let u be (21/(-56))/((-2)/h). Let y(n) = n**2 - 4*n + 4. Give y(u).
1
Let v(z) be the first derivative of -z**4/4 - z**3/3 - z**2/2 + 13*z + 25. Give v(0).
13
Let a = -252 + 252. Let t(y) be the second derivative of 1/2*y**2 + 0 + a*y**3 - 1/3*y**4 + 3*y. Give t(1).
-3
Let s(x) = 2*x**2 + 2*x + 2. Suppose 3*p = 9 + 3. Suppose -10*l = -6*l - 12. Let h(z) = -3*z**2 - 3*z - 2. Let n(k) = l*h(k) + p*s(k). Determine n(2).
-4
Let x(b) = -b + 6. Suppose 4*w + 2 = 2*i, -w = w + 3*i - 19. Let v be 0 + (1 - (w + -3)). Suppose 5*z - 3*l - 15 = 0, -2*l = -v*z - l + 7. Give x(z).
0
Suppose 4*n - 46 = 2*n. Let a = n - 83. Let c be (-4)/(-12) + a/(-9). Let o(k) = -k**2 + 5*k + 10. Calculate o(c).
-4
Let g(a) = 15*a - 360. Let l be g(24). Let t(m) be the third derivative of -1/12*m**4 + 0 + 9*m**2 + 0*m + l*m**3. Determine t(1).
-2
Let g(l) = 59 + l**2 - 59 - 5*l**2. Let v = 0 + 1. Suppose 6 - v = -5*q. What is g(q)?
-4
Let b(a) be the third derivative of -a**6/120 + a**5/30 - a**4/12 + a**2. Suppose -53*m - 141*m + 388 = 0. Calculate b(m).
-4
Let h(q) = -10*q**2 - 25*q - 14. Let y(k) = 7*k**2 + 24*k + 15. Let g(i) = 2*h(i) + 3*y(i). Calculate g(-22).
17
Let c(d) = d**2 + 6*d + 5. Let k be c(-5). Let u = -42 - -49. Let v(g) = u + 3486*g - 3485*g + 2. What is v(k)?
9
Let y(w) = 315*w + w**2 - 4*w**2 + 6 - 311*w - w**3. Suppose 5*b + 31 = 56. Suppose -2 = b*i - 3*i - 2*a, 6 = -3*i + 2*a. Calculate y(i).
6
Let d(r) = r**3 - 2*r**2 - 2*r + 1. Let c = 66 + -63. Calculate d(c).
4
Let i be 24/(-18) - (1 + (-15)/6). Let w(t) be the second derivative of -i*t**3 - 1/12*t**4 + 13*t + 3*t**2 + 0. Give w(0).
6
Let m(d) = -3*d + 17. Let v be 8 + (-3 - 1) + -6. Let j(k) = k - 8. Let x(a) = v*m(a) - 5*j(a). What is x(7)?
13
Let t(s) = 2*s - 3. Let q be 1/(-2)*-2 - -1. Let x(c) = q*c - 4 + 5 - 3*c + 0. Let f(j) = -t(j) + x(j). Determine f(3).
-5
Suppose -3*y + 11 = -2*y. Let h = y - 12. Let w(n) = 6*n**2 - 1. Calculate w(h).
5
Let p(s) = 14*s**2 + 10*s**3 - 9*s**3 + 11*s + 91 - 46 - 54. Calculate p(-13).
17
Suppose 0 = -15*a + 46 - 166. Let s(y) = 5 - 3 + y + 9. Determine s(a).
3
Suppose -2*f + 4*f = q + 1, 0 = 3*f - 2*q. Suppose -4*i - 10 = f*t, 5*i - 3*i - 4*t - 20 = 0. Let k(d) = -3 - d**2 + 4 + 5 + 6 - d + 1. Give k(i).
13
Let y(j) be the second derivative of -11*j**3/6 - j**2/2 + 34*j. What is y(3)?
-34
Let t(i) = -i**2 - 5*i + 2. Let o(k) = 7*k**2 + 11*k - 7. Let s(d) = 6*d**2 + 9*d - 6. Let j(y) = 5*o(y) - 6*s(y). Let g(x) = j(x) + t(x). What is g(-4)?
-13
Suppose -3*o + 8 = -2*o. Let i(v) = -6*v - 7 + 8 + 7*v. Give i(o).
9
Let c(o) = o**2 - 8*o + 5. Let s(k) = -k**3 + 4*k**2 + k + 2. Let v be (-6 - 7/(21/(-6)))*-1. Let l be s(v). Calculate c(l).
-7
Let i(p) be the second derivative of -21*p**5/20 + p**4/12 - p**2/2 + 284*p. Calculate i(1).
-21
Let h be (-28)/(-8)*2 + (-3)/(-1). Let n(p) = p**2 - 11*p + 11. Determine n(h).
1
Suppose -21*w + 5*l = -18*w + 13, 5*w + l = -3. Let n(a) = -4*a**2 + 2*a + 1. Calculate n(w).
-5
Let f(l) be the second derivative of -37*l + 2/3*l**3 + 0 + 2*l**2. Calculate f(5).
24
Let u(y) = 2*y**2 + 20*y + 2. Suppose 2*n - q = -14, -2*n = -5*q - 7 + 13. Give u(n).
-30
Let r(u) be the first derivative of u**3/3 + 2*u**2 - 6*u + 2. Let l = -73 + 67. Calculate r(l).
6
Let h be ((-1)/3)/(1/(-3)). Suppose -3*z = -7 + h. Let n(b) be the second derivative of -b**3/2 + b**2 + 7*b. Calculate n(z).
-4
Let k(m) = -6*m**3 + 8*m**2 + 2. Let q(a) = 17*a**3 - 22*a**2 - 5. Let x(i) = 8*k(i) + 3*q(i). Let c(v) = v. Let r be c(6). Suppose -2 = 4*d - r. What is x(d)?
2
Suppose 2*u = 8 - 2. Suppose 0*g + 2*j = 4*g - 18, g - u*j - 17 = 0. Let z(o) = -2*o**3 - 3*o + 5*o**3 + 2*o**2 + 7*o + 3 - g*o**3. Calculate z(-2).
-5
Let j(z) = -14*z - 9*z - 5*z + 24*z + 2 - z**2 + 3. Give j(-5).
0
Let z = 11 + -6. Let x(a) be the third derivative of 0 - 1/3*a**3 - 1/24*a**4 - 8*a**2 + 0*a. Give x(z).
-7
Let q(u) = -4*u**3 + 3*u**2 + u - 2. Let s(x) = 3*x - 1. Let p be s(2). Suppose 4*l - 5 - p = b, 5*l = -2*b + 6. Determine q(l).
-20
Let f be (10/(-25))/(42/(-35)). Let m(h) be the first derivative of 5*h + f*h**3 - 2*h**2 + 6. Give m(5).
10
Let d(l) be the second derivative of 9*l**5/5 - l**4/6 + l**2/2 - 21*l - 1. Determine d(1).
35
Let q(k) be the first derivative of -k**2/2 - 4*k - 2. Let a(j) = -8*j + 40. Let x be a(6). Determine q(x).
4
Suppose 0 = -8*h + 13 - 69. Let r(c) = 2*c**2 + 9*c - 6. Determine r(h).
29
Let o(h) be the third derivative of 0*h + 0*h**3 + 0 - 3*h**2 - 1/720*h**6 - 1/120*h**5 - 1/3*h**4. Let m(s) be the second derivative of o(s). What is m(5)?
-6
Let g(o) be the second derivative of -o**3/6 + 2*o**2 - 2*o - 33. Calculate g(-5).
9
Let u(n) = -n**2 + 3*n + 10. Suppose 2*r - 84 = -5*i - 61, -4 = -r. Calculate u(i).
10
Let n(c) = -c**3 - 8*c**2 - 7*c - 3. Let y(v) = -3*v**3 - v**2 - v + 1. Let o be y(2). Let w = o + 22. Give n(w).
-3
Suppose 5*i + 5 + 0 = 0. Let v be 2/(2 + 0/i). Let j(x) = -3 - 2*x + 1 + v + x. Determine j(6).
-7
Suppose -1 - 11 = 2*o. Let j be (-15)/o*(-6)/(-3). Let s(d) = d**3 - 5*d**2 - 2*d + 3. Give s(j).
-7
Let t(w) = 2*w**2 - 14*w + 29. Suppose -6*x = -16 - 20. Let g(i) = i**2 - 7*i + 14. Let s(y) = x*t(y) - 13*g(y). What is s(6)?
-2
Let p(k) = 95*k**2 - 41*k + 94. Let h(c) = 68*c**2 - 27*c + 63. Let s(l) = -7*h(l) + 5*p(l). Calculate s(-17).
12
Let t(o) = -2*o**3 + 2*o**2 + o - 2. Suppose 49*p = 38*p - 22. Determine t(p).
20
Let c(m) = -m**2 - m. Suppose 0 = 18*q - 13*q - 15. Let r be 0/(q + 0 - 5). Give c(r).
0
Let i(n) = -2*n**2 + 3*n - 1. Let m = 59 - 51. Suppose 3*j - m = -j. Calculate i(j).
-3
Let i(y) = -y**2 + 2*y. Let f = 22 - 19. Suppose f*x - 3*q - 9 = 0, 0 = -4*q + 6 + 6. What is i(x)?
-24
Let i be 4 - (-10 - (-4 - -2))*10. Let a(v) = -86 - 2*v - v + 0*v + i. Determine a(-2).
4
Let t be 137/(-6) + (-3)/18. Let h be t/4*28/7. Let f = 22 + h. Let a(g) = -6*g. Give a(f).
6
Let w be (-2)/6 - 14/3. Let t(i) be the second derivative of 0 - 10*i - 1/3*i**3 - 3*i**2. Give t(w).
4
Let v(d) = -d**2 - 4*d + 2. Let j(n) = 4*n**3 - 20*n**2 + 5*n - 19. Let u be j(5). What is v(u)?
-58
Let p(g) = -g**3 + 7*g**2 - g + 7. Let c = 831 - 824. Determine p(c).
0
Let l = 14 + -14. Suppose d + 4*d - 45 = l. Let r(i) = i**3 - 8*i**2 - 7*i - 12. Determine r(d).
6
Suppose -5*v - w = 4*w - 20, 0 = 4*v + 3*w - 14. Suppose -p = -0*p - v. Suppose n - 18 = -p*n. Let r(q) = q**2 - 7*q + 5. What is r(n)?
-1
Let j(c) be the second derivative of -c**5/20 + c**4/3 - c**3/6 - 24*c + 5. Let v(z) = -z**2 + z + 4. Let f be v(0). Calculate j(f).
-4
Let z(m) = 6*m**2 + 7*m + 4. Let r(d) = 7*d**2 + 8*d + 5. Let l(p) = -5*r(p) + 6*z(p). Let a(k) = 8*k + 140. Let g be a(-18). What is l(g)?
7
Suppose 89*y + 250 = -344 - 385. Let a(q) = q**3 + 16*q**2 + 14*q - 5. Let o(d) = -d**2 - d. Let w(p) = a(p) + 4*o(p). Determine w(y).
6
Suppose 3 = -w + 13. Let v(p) = -3*p - 5*p**2 + w - 7 + p**3 + 2. Determine v(5).
-10
Let t(x) = -4*x**3 + x**2 + 1. Let d be 16/7 + 128/(-448). Determine t(d).
-27
Let o(v) = 22 + 4*v - 17 - 3*v. Let i be o(-3). Let r(w) = -2*w**3 - 4 + 121*w**i - 116*w**2 + 3*w**3. Calculate r(-3).
14
Let z(q) = q**3 - 16*q**2 - q + 22. Let c be z(16). Let m(h) = -4*h + 4. What is m(c)?
-20
Let g(l) = -l**3 + 20*l**2 - 18*l - 23. Let y(t) = 3*t**2 - 18*t + 43. Let j be y(4). Calculate g(j).
-4
Let h(y) be the second derivative of y**4/6 - 5*y**3/3 + 5*y**2/2